{"id":608,"date":"2024-03-13T14:46:00","date_gmt":"2024-03-13T13:46:00","guid":{"rendered":"https:\/\/maisonorame.com\/?page_id=608"},"modified":"2025-12-03T18:26:34","modified_gmt":"2025-12-03T17:26:34","slug":"contact","status":"publish","type":"page","link":"https:\/\/maisonorame.com\/index.php\/contact\/","title":{"rendered":"CONTACT"},"content":{"rendered":"\t\t<div data-elementor-type=\"wp-page\" data-elementor-id=\"608\" class=\"elementor elementor-608\" data-elementor-post-type=\"page\">\n\t\t\t\t<div class=\"elementor-element elementor-element-21764dd e-flex e-con-boxed e-con e-parent\" data-id=\"21764dd\" data-element_type=\"container\" data-settings=\"{&quot;background_background&quot;:&quot;classic&quot;}\">\n\t\t\t\t\t<div class=\"e-con-inner\">\n\t\t<div class=\"elementor-element elementor-element-7c4033f e-grid e-con-boxed e-con e-child\" data-id=\"7c4033f\" data-element_type=\"container\">\n\t\t\t\t\t<div class=\"e-con-inner\">\n\t\t\t\t<div class=\"elementor-element elementor-element-9d75e19 elementor-widget elementor-widget-spacer\" data-id=\"9d75e19\" data-element_type=\"widget\" data-widget_type=\"spacer.default\">\n\t\t\t\t<div class=\"elementor-widget-container\">\n\t\t\t\t\t\t\t<div class=\"elementor-spacer\">\n\t\t\t<div class=\"elementor-spacer-inner\"><\/div>\n\t\t<\/div>\n\t\t\t\t\t\t<\/div>\n\t\t\t\t<\/div>\n\t\t\t\t<div class=\"elementor-element elementor-element-4c737b4 e-transform e-transform elementor-widget elementor-widget-image\" data-id=\"4c737b4\" data-element_type=\"widget\" data-settings=\"{&quot;_transform_translateX_effect&quot;:{&quot;unit&quot;:&quot;px&quot;,&quot;size&quot;:-828,&quot;sizes&quot;:[]},&quot;_transform_translateY_effect&quot;:{&quot;unit&quot;:&quot;px&quot;,&quot;size&quot;:371,&quot;sizes&quot;:[]},&quot;_transform_scale_effect&quot;:{&quot;unit&quot;:&quot;px&quot;,&quot;size&quot;:0.3,&quot;sizes&quot;:[]},&quot;_transform_translateX_effect_laptop&quot;:{&quot;unit&quot;:&quot;px&quot;,&quot;size&quot;:-486,&quot;sizes&quot;:[]},&quot;_transform_translateY_effect_laptop&quot;:{&quot;unit&quot;:&quot;px&quot;,&quot;size&quot;:244,&quot;sizes&quot;:[]},&quot;_transform_scale_effect_laptop&quot;:{&quot;unit&quot;:&quot;px&quot;,&quot;size&quot;:0.3,&quot;sizes&quot;:[]},&quot;_transform_translateX_effect_tablet_extra&quot;:{&quot;unit&quot;:&quot;px&quot;,&quot;size&quot;:-330,&quot;sizes&quot;:[]},&quot;_transform_translateY_effect_tablet_extra&quot;:{&quot;unit&quot;:&quot;px&quot;,&quot;size&quot;:146,&quot;sizes&quot;:[]},&quot;_transform_translateX_effect_tablet&quot;:{&quot;unit&quot;:&quot;px&quot;,&quot;size&quot;:-242,&quot;sizes&quot;:[]},&quot;_transform_translateY_effect_tablet&quot;:{&quot;unit&quot;:&quot;px&quot;,&quot;size&quot;:-128,&quot;sizes&quot;:[]},&quot;_transform_translateY_effect_mobile_extra&quot;:{&quot;unit&quot;:&quot;px&quot;,&quot;size&quot;:107,&quot;sizes&quot;:[]},&quot;_transform_scale_effect_tablet&quot;:{&quot;unit&quot;:&quot;px&quot;,&quot;size&quot;:0.3,&quot;sizes&quot;:[]},&quot;_transform_translateX_effect_mobile&quot;:{&quot;unit&quot;:&quot;px&quot;,&quot;size&quot;:-122,&quot;sizes&quot;:[]},&quot;_transform_translateY_effect_mobile&quot;:{&quot;unit&quot;:&quot;px&quot;,&quot;size&quot;:133,&quot;sizes&quot;:[]},&quot;_transform_translateX_effect_mobile_extra&quot;:{&quot;unit&quot;:&quot;px&quot;,&quot;size&quot;:&quot;&quot;,&quot;sizes&quot;:[]},&quot;_transform_scale_effect_tablet_extra&quot;:{&quot;unit&quot;:&quot;px&quot;,&quot;size&quot;:&quot;&quot;,&quot;sizes&quot;:[]},&quot;_transform_scale_effect_mobile_extra&quot;:{&quot;unit&quot;:&quot;px&quot;,&quot;size&quot;:&quot;&quot;,&quot;sizes&quot;:[]},&quot;_transform_scale_effect_mobile&quot;:{&quot;unit&quot;:&quot;px&quot;,&quot;size&quot;:&quot;&quot;,&quot;sizes&quot;:[]}}\" data-widget_type=\"image.default\">\n\t\t\t\t<div class=\"elementor-widget-container\">\n\t\t\t\t\t\t\t\t\t\t\t\t\t\t\t<img fetchpriority=\"high\" decoding=\"async\" width=\"1024\" height=\"297\" src=\"https:\/\/maisonorame.com\/wp-content\/uploads\/2024\/03\/Sans-titre-4-3-1024x297.png\" class=\"attachment-large size-large wp-image-611\" alt=\"\" srcset=\"https:\/\/maisonorame.com\/wp-content\/uploads\/2024\/03\/Sans-titre-4-3-1024x297.png 1024w, https:\/\/maisonorame.com\/wp-content\/uploads\/2024\/03\/Sans-titre-4-3-300x87.png 300w, https:\/\/maisonorame.com\/wp-content\/uploads\/2024\/03\/Sans-titre-4-3-768x223.png 768w, https:\/\/maisonorame.com\/wp-content\/uploads\/2024\/03\/Sans-titre-4-3-1536x446.png 1536w, https:\/\/maisonorame.com\/wp-content\/uploads\/2024\/03\/Sans-titre-4-3-2048x595.png 2048w\" sizes=\"(max-width: 1024px) 100vw, 1024px\" \/>\t\t\t\t\t\t\t\t\t\t\t\t\t\t\t<\/div>\n\t\t\t\t<\/div>\n\t\t\t\t\t<\/div>\n\t\t\t\t<\/div>\n\t\t\t\t\t<\/div>\n\t\t\t\t<\/div>\n\t\t<div class=\"elementor-element elementor-element-071f3b1 e-flex e-con-boxed e-con e-parent\" data-id=\"071f3b1\" data-element_type=\"container\">\n\t\t\t\t\t<div class=\"e-con-inner\">\n\t\t\t\t<div class=\"elementor-element elementor-element-6626f95 elementor-widget elementor-widget-heading\" data-id=\"6626f95\" data-element_type=\"widget\" data-widget_type=\"heading.default\">\n\t\t\t\t<div class=\"elementor-widget-container\">\n\t\t\t\t\t<h2 class=\"elementor-heading-title elementor-size-default\">NOS ENGAGEMENTS<\/h2>\t\t\t\t<\/div>\n\t\t\t\t<\/div>\n\t\t\t\t<div class=\"elementor-element elementor-element-6f8f8b1 elementor-widget elementor-widget-text-editor\" data-id=\"6f8f8b1\" data-element_type=\"widget\" data-widget_type=\"text-editor.default\">\n\t\t\t\t<div class=\"elementor-widget-container\">\n\t\t\t\t\t\t\t\t\t<p data-start=\"244\" data-end=\"322\">Maison Orame con\u00e7oit des int\u00e9rieurs pens\u00e9s pour durer, fonctionner et apaiser.<\/p>\n<p data-start=\"324\" data-end=\"492\">Mon engagement d\u00e9passe la simple esth\u00e9tique.<br data-start=\"368\" data-end=\"371\">Il consiste \u00e0 proposer des solutions coh\u00e9rentes, r\u00e9alistes et durables, en accord avec votre mode de vie et vos attentes.<\/p>\n<p data-start=\"494\" data-end=\"555\">Je m\u2019engage \u00e0 vous accompagner avec s\u00e9rieux et exigence, en :<\/p>\n<ul data-start=\"556\" data-end=\"794\">\n<li data-start=\"556\" data-end=\"597\">\n<p data-start=\"558\" data-end=\"597\">analysant votre espace avec attention<\/p>\n<\/li>\n<li data-start=\"598\" data-end=\"632\">\n<p data-start=\"600\" data-end=\"632\">vous conseillant avec justesse<\/p>\n<\/li>\n<li data-start=\"633\" data-end=\"682\">\n<p data-start=\"635\" data-end=\"682\">proposant des choix adapt\u00e9s \u00e0 votre quotidien<\/p>\n<\/li>\n<li data-start=\"683\" data-end=\"734\">\n<p data-start=\"685\" data-end=\"734\">veillant \u00e0 la coh\u00e9rence globale de votre projet<\/p>\n<\/li>\n<li data-start=\"735\" data-end=\"794\">\n<p data-start=\"737\" data-end=\"794\">instaurant un cadre de collaboration clair et rassurant<\/p>\n<\/li>\n<\/ul>\n<p data-start=\"796\" data-end=\"950\">Dans le m\u00eame esprit de transparence, je choisis \u00e9galement les projets que j\u2019accompagne, afin de garantir une implication sinc\u00e8re et une qualit\u00e9 constante.<\/p>\n<p data-start=\"952\" data-end=\"1062\">Je privil\u00e9gie ainsi les projets construits, r\u00e9fl\u00e9chis et engag\u00e9s, dans le respect d\u2019un cadre clair et partag\u00e9.<\/p>\n<h5>FORMULAIRE DE CONTACT<\/h5>\n<p data-start=\"888\" data-end=\"977\">Merci de compl\u00e9ter toutes les rubriques.<br data-start=\"928\" data-end=\"931\">Les demandes incompl\u00e8tes ne sont pas trait\u00e9es.<\/p>\t\t\t\t\t\t\t\t<\/div>\n\t\t\t\t<\/div>\n\t\t\t\t<div class=\"elementor-element elementor-element-0cf42f5 elementor-widget elementor-widget-heading\" data-id=\"0cf42f5\" data-element_type=\"widget\" data-widget_type=\"heading.default\">\n\t\t\t\t<div class=\"elementor-widget-container\">\n\t\t\t\t\t<h2 class=\"elementor-heading-title elementor-size-default\">Notre promesse : Vous allez adorer rentrer chez vous !<\/h2>\t\t\t\t<\/div>\n\t\t\t\t<\/div>\n\t\t\t\t\t<\/div>\n\t\t\t\t<\/div>\n\t\t<div class=\"elementor-element elementor-element-0613f6d e-flex e-con-boxed e-con e-parent\" data-id=\"0613f6d\" data-element_type=\"container\" id=\"&lt;aformulaire&gt;\">\n\t\t\t\t\t<div class=\"e-con-inner\">\n\t\t\t\t<div class=\"elementor-element elementor-element-eb3590d elementor-widget__width-initial elementor-button-align-stretch elementor-widget elementor-widget-form\" data-id=\"eb3590d\" data-element_type=\"widget\" data-settings=\"{&quot;step_next_label&quot;:&quot;Suivant&quot;,&quot;step_previous_label&quot;:&quot;Pr\\u00e9c\\u00e9dent&quot;,&quot;button_width&quot;:&quot;100&quot;,&quot;step_type&quot;:&quot;number_text&quot;,&quot;step_icon_shape&quot;:&quot;circle&quot;}\" data-widget_type=\"form.default\">\n\t\t\t\t<div class=\"elementor-widget-container\">\n\t\t\t\t\t\t\t<form class=\"elementor-form\" method=\"post\" name=\"Nouveau formulaire\">\n\t\t\t<input type=\"hidden\" name=\"post_id\" value=\"608\"\/>\n\t\t\t<input type=\"hidden\" name=\"form_id\" value=\"eb3590d\"\/>\n\t\t\t<input type=\"hidden\" name=\"referer_title\" value=\"\" \/>\n\n\t\t\t\n\t\t\t<div class=\"elementor-form-fields-wrapper elementor-labels-above\">\n\t\t\t\t\t\t\t\t<div class=\"elementor-field-type-text elementor-field-group elementor-column elementor-field-group-field_3e4308b elementor-col-100\">\n\t\t\t\t\t\t\t\t\t\t\t\t\t<input size=\"1\" type=\"text\" name=\"form_fields[field_3e4308b]\" id=\"form-field-field_3e4308b\" class=\"elementor-field elementor-size-lg  elementor-field-textual\" placeholder=\"VOTRE PR\u00c9NOM\">\n\t\t\t\t\t\t\t\t\t\t\t<\/div>\n\t\t\t\t\t\t\t\t<div class=\"elementor-field-type-text elementor-field-group elementor-column elementor-field-group-name elementor-col-100\">\n\t\t\t\t\t\t\t\t\t\t\t\t\t<input size=\"1\" type=\"text\" name=\"form_fields[name]\" id=\"form-field-name\" class=\"elementor-field elementor-size-lg  elementor-field-textual\" placeholder=\"VOTRE NOM\">\n\t\t\t\t\t\t\t\t\t\t\t<\/div>\n\t\t\t\t\t\t\t\t<div class=\"elementor-field-type-email elementor-field-group elementor-column elementor-field-group-email elementor-col-100 elementor-field-required\">\n\t\t\t\t\t\t\t\t\t\t\t\t\t<input size=\"1\" type=\"email\" name=\"form_fields[email]\" id=\"form-field-email\" class=\"elementor-field elementor-size-lg  elementor-field-textual\" placeholder=\"VOTRE ADRESSE MAIL\" required=\"required\">\n\t\t\t\t\t\t\t\t\t\t\t<\/div>\n\t\t\t\t\t\t\t\t<div class=\"elementor-field-type-text elementor-field-group elementor-column elementor-field-group-field_bb64535 elementor-col-100\">\n\t\t\t\t\t\t\t\t\t\t\t\t\t<input size=\"1\" type=\"text\" name=\"form_fields[field_bb64535]\" id=\"form-field-field_bb64535\" class=\"elementor-field elementor-size-lg  elementor-field-textual\" placeholder=\"T\u00c9L\u00c9PHONE\">\n\t\t\t\t\t\t\t\t\t\t\t<\/div>\n\t\t\t\t\t\t\t\t<div class=\"elementor-field-type-text elementor-field-group elementor-column elementor-field-group-field_6ceef19 elementor-col-100\">\n\t\t\t\t\t\t\t\t\t\t\t\t\t<input size=\"1\" type=\"text\" name=\"form_fields[field_6ceef19]\" id=\"form-field-field_6ceef19\" class=\"elementor-field elementor-size-lg  elementor-field-textual\" placeholder=\"LOCALISATION DU BIEN\">\n\t\t\t\t\t\t\t\t\t\t\t<\/div>\n\t\t\t\t\t\t\t\t<div class=\"elementor-field-type-text elementor-field-group elementor-column elementor-field-group-field_85f94ad elementor-col-100\">\n\t\t\t\t\t\t\t\t\t\t\t\t\t<input size=\"1\" type=\"text\" name=\"form_fields[field_85f94ad]\" id=\"form-field-field_85f94ad\" class=\"elementor-field elementor-size-lg  elementor-field-textual\" placeholder=\"SURFACE DU BIEN\">\n\t\t\t\t\t\t\t\t\t\t\t<\/div>\n\t\t\t\t\t\t\t\t<div class=\"elementor-field-type-text elementor-field-group elementor-column elementor-field-group-field_7f5b799 elementor-col-100\">\n\t\t\t\t\t\t\t\t\t\t\t\t\t<input size=\"1\" type=\"text\" name=\"form_fields[field_7f5b799]\" id=\"form-field-field_7f5b799\" class=\"elementor-field elementor-size-lg  elementor-field-textual\" placeholder=\"TYPE DE BIEN (Maison, appartement, local commercial, h\u00f4tel,...)\">\n\t\t\t\t\t\t\t\t\t\t\t<\/div>\n\t\t\t\t\t\t\t\t<div class=\"elementor-field-type-text elementor-field-group elementor-column elementor-field-group-field_3ab3122 elementor-col-100\">\n\t\t\t\t\t\t\t\t\t\t\t\t\t<input size=\"1\" type=\"text\" name=\"form_fields[field_3ab3122]\" id=\"form-field-field_3ab3122\" class=\"elementor-field elementor-size-lg  elementor-field-textual\" placeholder=\"BUDGET GLOBAL TRAVAUX ESTIME\">\n\t\t\t\t\t\t\t\t\t\t\t<\/div>\n\t\t\t\t\t\t\t\t<div class=\"elementor-field-type-text elementor-field-group elementor-column elementor-field-group-field_c72a09f elementor-col-100\">\n\t\t\t\t\t\t\t\t\t\t\t\t\t<input size=\"1\" type=\"text\" name=\"form_fields[field_c72a09f]\" id=\"form-field-field_c72a09f\" class=\"elementor-field elementor-size-lg  elementor-field-textual\" placeholder=\"ENVELOPPE PREVUE POUR LES HONORAIRES DE CONCEPTION\">\n\t\t\t\t\t\t\t\t\t\t\t<\/div>\n\t\t\t\t\t\t\t\t<div class=\"elementor-field-type-textarea elementor-field-group elementor-column elementor-field-group-message elementor-col-100\">\n\t\t\t\t\t<textarea class=\"elementor-field-textual elementor-field  elementor-size-lg\" name=\"form_fields[message]\" id=\"form-field-message\" rows=\"4\" placeholder=\"D\u00e9crivez votre projet clairement avec d\u00e9lais souhait\u00e9 :\"><\/textarea>\t\t\t\t<\/div>\n\t\t\t\t\t\t\t\t<div class=\"elementor-field-group elementor-column elementor-field-type-submit elementor-col-100 e-form__buttons\">\n\t\t\t\t\t<button class=\"elementor-button elementor-size-sm\" type=\"submit\">\n\t\t\t\t\t\t<span class=\"elementor-button-content-wrapper\">\n\t\t\t\t\t\t\t\t\t\t\t\t\t\t\t\t\t\t\t\t\t\t<span class=\"elementor-button-text\">Envoyer<\/span>\n\t\t\t\t\t\t\t\t\t\t\t\t\t<\/span>\n\t\t\t\t\t<\/button>\n\t\t\t\t<\/div>\n\t\t\t<\/div>\n\t\t<\/form>\n\t\t\t\t\t\t<\/div>\n\t\t\t\t<\/div>\n\t\t\t\t\t<\/div>\n\t\t\t\t<\/div>\n\t\t<div class=\"elementor-element elementor-element-ef5ee3c e-con-full e-flex e-con e-parent\" data-id=\"ef5ee3c\" data-element_type=\"container\">\n\t\t\t\t<div class=\"elementor-element elementor-element-6ee9b55 elementor-widget elementor-widget-spacer\" data-id=\"6ee9b55\" data-element_type=\"widget\" data-widget_type=\"spacer.default\">\n\t\t\t\t<div class=\"elementor-widget-container\">\n\t\t\t\t\t\t\t<div class=\"elementor-spacer\">\n\t\t\t<div class=\"elementor-spacer-inner\"><\/div>\n\t\t<\/div>\n\t\t\t\t\t\t<\/div>\n\t\t\t\t<\/div>\n\t\t<div class=\"elementor-element elementor-element-8e6f8b6 e-grid e-con-full e-con e-child\" data-id=\"8e6f8b6\" data-element_type=\"container\">\n\t\t\t\t<div class=\"elementor-element elementor-element-a5c1f5f elementor-widget elementor-widget-image\" data-id=\"a5c1f5f\" data-element_type=\"widget\" data-widget_type=\"image.default\">\n\t\t\t\t<div class=\"elementor-widget-container\">\n\t\t\t\t\t\t\t\t\t\t\t\t\t\t\t<img decoding=\"async\" width=\"1438\" height=\"1870\" src=\"https:\/\/maisonorame.com\/wp-content\/uploads\/2025\/12\/P1125974-scaled-e1764782435844.jpg\" class=\"attachment-full size-full wp-image-2529\" alt=\"\" srcset=\"https:\/\/maisonorame.com\/wp-content\/uploads\/2025\/12\/P1125974-scaled-e1764782435844.jpg 1438w, https:\/\/maisonorame.com\/wp-content\/uploads\/2025\/12\/P1125974-scaled-e1764782435844-231x300.jpg 231w, https:\/\/maisonorame.com\/wp-content\/uploads\/2025\/12\/P1125974-scaled-e1764782435844-787x1024.jpg 787w, https:\/\/maisonorame.com\/wp-content\/uploads\/2025\/12\/P1125974-scaled-e1764782435844-768x999.jpg 768w, https:\/\/maisonorame.com\/wp-content\/uploads\/2025\/12\/P1125974-scaled-e1764782435844-1181x1536.jpg 1181w\" sizes=\"(max-width: 1438px) 100vw, 1438px\" \/>\t\t\t\t\t\t\t\t\t\t\t\t\t\t\t<\/div>\n\t\t\t\t<\/div>\n\t\t<div class=\"elementor-element elementor-element-b62695f e-flex e-con-boxed e-con e-child\" data-id=\"b62695f\" data-element_type=\"container\">\n\t\t\t\t\t<div class=\"e-con-inner\">\n\t\t\t\t<div class=\"elementor-element elementor-element-9e6128e elementor-widget-tablet__width-inherit elementor-widget elementor-widget-heading\" data-id=\"9e6128e\" data-element_type=\"widget\" data-widget_type=\"heading.default\">\n\t\t\t\t<div class=\"elementor-widget-container\">\n\t\t\t\t\t<h2 class=\"elementor-heading-title elementor-size-default\">LES MOTS DE LA FONDATRICE<\/h2>\t\t\t\t<\/div>\n\t\t\t\t<\/div>\n\t\t\t\t<div class=\"elementor-element elementor-element-2251281 elementor-widget elementor-widget-text-editor\" data-id=\"2251281\" data-element_type=\"widget\" data-widget_type=\"text-editor.default\">\n\t\t\t\t<div class=\"elementor-widget-container\">\n\t\t\t\t\t\t\t\t\t<p data-start=\"1311\" data-end=\"1391\">\u00ab Un int\u00e9rieur r\u00e9ussi n\u2019est pas celui qui impressionne, mais celui qui apaise. \u00bb<\/p><p data-start=\"1311\" data-end=\"1391\">\u00ab Je con\u00e7ois des espaces que l\u2019on habite pleinement, pas des d\u00e9cors \u00e0 photographier. \u00bb<\/p><p data-start=\"1311\" data-end=\"1391\">\u00ab Le vrai luxe, pour moi, c\u2019est la coh\u00e9rence, pas l\u2019accumulation. \u00bb<\/p><p data-start=\"1311\" data-end=\"1391\">\u00ab Chaque projet m\u00e9rite des d\u00e9cisions justes, pas des compromis pr\u00e9cipit\u00e9s. \u00bb<\/p>\t\t\t\t\t\t\t\t<\/div>\n\t\t\t\t<\/div>\n\t\t\t\t<div class=\"elementor-element elementor-element-749f542 elementor-widget elementor-widget-heading\" data-id=\"749f542\" data-element_type=\"widget\" data-widget_type=\"heading.default\">\n\t\t\t\t<div class=\"elementor-widget-container\">\n\t\t\t\t\t<h2 class=\"elementor-heading-title elementor-size-default\">FATMA CHEOUR.<\/h2>\t\t\t\t<\/div>\n\t\t\t\t<\/div>\n\t\t\t\t\t<\/div>\n\t\t\t\t<\/div>\n\t\t\t\t<\/div>\n\t\t\t\t<\/div>\n\t\t\t\t<\/div>\n\t\t","protected":false},"excerpt":{"rendered":"<p>NOS ENGAGEMENTS Maison Orame con\u00e7oit des int\u00e9rieurs pens\u00e9s pour durer, fonctionner et apaiser. Mon engagement d\u00e9passe la simple esth\u00e9tique.Il consiste [&hellip;]<\/p>\n","protected":false},"author":1,"featured_media":0,"parent":0,"menu_order":0,"comment_status":"closed","ping_status":"closed","template":"","meta":{"site-sidebar-layout":"no-sidebar","site-content-layout":"","ast-site-content-layout":"full-width-container","site-content-style":"default","site-sidebar-style":"default","ast-global-header-display":"","ast-banner-title-visibility":"","ast-main-header-display":"","ast-hfb-above-header-display":"","ast-hfb-below-header-display":"","ast-hfb-mobile-header-display":"","site-post-title":"disabled","ast-breadcrumbs-content":"","ast-featured-img":"disabled","footer-sml-layout":"","theme-transparent-header-meta":"","adv-header-id-meta":"","stick-header-meta":"","header-above-stick-meta":"","header-main-stick-meta":"","header-below-stick-meta":"","astra-migrate-meta-layouts":"default","ast-page-background-enabled":"default","ast-page-background-meta":{"desktop":{"background-color":"var(--ast-global-color-4)","background-image":"","background-repeat":"repeat","background-position":"center center","background-size":"auto","background-attachment":"scroll","background-type":"","background-media":"","overlay-type":"","overlay-color":"","overlay-gradient":""},"tablet":{"background-color":"","background-image":"","background-repeat":"repeat","background-position":"center center","background-size":"auto","background-attachment":"scroll","background-type":"","background-media":"","overlay-type":"","overlay-color":"","overlay-gradient":""},"mobile":{"background-color":"","background-image":"","background-repeat":"repeat","background-position":"center center","background-size":"auto","background-attachment":"scroll","background-type":"","background-media":"","overlay-type":"","overlay-color":"","overlay-gradient":""}},"ast-content-background-meta":{"desktop":{"background-color":"var(--ast-global-color-5)","background-image":"","background-repeat":"repeat","background-position":"center center","background-size":"auto","background-attachment":"scroll","background-type":"","background-media":"","overlay-type":"","overlay-color":"","overlay-gradient":""},"tablet":{"background-color":"var(--ast-global-color-5)","background-image":"","background-repeat":"repeat","background-position":"center center","background-size":"auto","background-attachment":"scroll","background-type":"","background-media":"","overlay-type":"","overlay-color":"","overlay-gradient":""},"mobile":{"background-color":"var(--ast-global-color-5)","background-image":"","background-repeat":"repeat","background-position":"center center","background-size":"auto","background-attachment":"scroll","background-type":"","background-media":"","overlay-type":"","overlay-color":"","overlay-gradient":""}},"footnotes":""},"class_list":["post-608","page","type-page","status-publish","hentry"],"_links":{"self":[{"href":"https:\/\/maisonorame.com\/index.php\/wp-json\/wp\/v2\/pages\/608","targetHints":{"allow":["GET"]}}],"collection":[{"href":"https:\/\/maisonorame.com\/index.php\/wp-json\/wp\/v2\/pages"}],"about":[{"href":"https:\/\/maisonorame.com\/index.php\/wp-json\/wp\/v2\/types\/page"}],"author":[{"embeddable":true,"href":"https:\/\/maisonorame.com\/index.php\/wp-json\/wp\/v2\/users\/1"}],"replies":[{"embeddable":true,"href":"https:\/\/maisonorame.com\/index.php\/wp-json\/wp\/v2\/comments?post=608"}],"version-history":[{"count":205,"href":"https:\/\/maisonorame.com\/index.php\/wp-json\/wp\/v2\/pages\/608\/revisions"}],"predecessor-version":[{"id":2585,"href":"https:\/\/maisonorame.com\/index.php\/wp-json\/wp\/v2\/pages\/608\/revisions\/2585"}],"wp:attachment":[{"href":"https:\/\/maisonorame.com\/index.php\/wp-json\/wp\/v2\/media?parent=608"}],"curies":[{"name":"wp","href":"https:\/\/api.w.org\/{rel}","templated":true}]}}