{"id":12,"date":"2024-03-12T23:50:28","date_gmt":"2024-03-12T22:50:28","guid":{"rendered":"https:\/\/maisonorame.com\/?page_id=12"},"modified":"2025-12-03T18:26:10","modified_gmt":"2025-12-03T17:26:10","slug":"home","status":"publish","type":"page","link":"https:\/\/maisonorame.com\/","title":{"rendered":"HOME"},"content":{"rendered":"\t\t<div data-elementor-type=\"wp-page\" data-elementor-id=\"12\" class=\"elementor elementor-12\" data-elementor-post-type=\"page\">\n\t\t\t\t<div class=\"elementor-element elementor-element-45cb6e1 e-grid e-con-full e-con e-parent\" data-id=\"45cb6e1\" data-element_type=\"container\" data-settings=\"{&quot;background_background&quot;:&quot;classic&quot;}\">\n\t\t\t\t<div class=\"elementor-element elementor-element-6742a03 elementor-widget elementor-widget-spacer\" data-id=\"6742a03\" data-element_type=\"widget\" data-widget_type=\"spacer.default\">\n\t\t\t\t<div class=\"elementor-widget-container\">\n\t\t\t\t\t\t\t<div class=\"elementor-spacer\">\n\t\t\t<div class=\"elementor-spacer-inner\"><\/div>\n\t\t<\/div>\n\t\t\t\t\t\t<\/div>\n\t\t\t\t<\/div>\n\t\t<div class=\"elementor-element elementor-element-0980933 e-con-full e-grid e-con e-child\" data-id=\"0980933\" data-element_type=\"container\">\n\t\t\t\t<div class=\"elementor-element elementor-element-d1401ef e-transform elementor-widget elementor-widget-heading\" data-id=\"d1401ef\" data-element_type=\"widget\" data-settings=\"{&quot;_transform_translateY_effect_mobile&quot;:{&quot;unit&quot;:&quot;px&quot;,&quot;size&quot;:12,&quot;sizes&quot;:[]},&quot;_transform_translateX_effect&quot;:{&quot;unit&quot;:&quot;px&quot;,&quot;size&quot;:&quot;&quot;,&quot;sizes&quot;:[]},&quot;_transform_translateX_effect_laptop&quot;:{&quot;unit&quot;:&quot;px&quot;,&quot;size&quot;:&quot;&quot;,&quot;sizes&quot;:[]},&quot;_transform_translateX_effect_tablet_extra&quot;:{&quot;unit&quot;:&quot;px&quot;,&quot;size&quot;:&quot;&quot;,&quot;sizes&quot;:[]},&quot;_transform_translateX_effect_tablet&quot;:{&quot;unit&quot;:&quot;px&quot;,&quot;size&quot;:&quot;&quot;,&quot;sizes&quot;:[]},&quot;_transform_translateX_effect_mobile_extra&quot;:{&quot;unit&quot;:&quot;px&quot;,&quot;size&quot;:&quot;&quot;,&quot;sizes&quot;:[]},&quot;_transform_translateX_effect_mobile&quot;:{&quot;unit&quot;:&quot;px&quot;,&quot;size&quot;:&quot;&quot;,&quot;sizes&quot;:[]},&quot;_transform_translateY_effect&quot;:{&quot;unit&quot;:&quot;px&quot;,&quot;size&quot;:&quot;&quot;,&quot;sizes&quot;:[]},&quot;_transform_translateY_effect_laptop&quot;:{&quot;unit&quot;:&quot;px&quot;,&quot;size&quot;:&quot;&quot;,&quot;sizes&quot;:[]},&quot;_transform_translateY_effect_tablet_extra&quot;:{&quot;unit&quot;:&quot;px&quot;,&quot;size&quot;:&quot;&quot;,&quot;sizes&quot;:[]},&quot;_transform_translateY_effect_tablet&quot;:{&quot;unit&quot;:&quot;px&quot;,&quot;size&quot;:&quot;&quot;,&quot;sizes&quot;:[]},&quot;_transform_translateY_effect_mobile_extra&quot;:{&quot;unit&quot;:&quot;px&quot;,&quot;size&quot;:&quot;&quot;,&quot;sizes&quot;:[]}}\" data-widget_type=\"heading.default\">\n\t\t\t\t<div class=\"elementor-widget-container\">\n\t\t\t\t\t<h2 class=\"elementor-heading-title elementor-size-default\">MAISON D'ARCHITECTURE &amp; DESIGN D'INT\u00c9RIEUR<\/h2>\t\t\t\t<\/div>\n\t\t\t\t<\/div>\n\t\t\t\t<div class=\"elementor-element elementor-element-34c6e06 elementor-widget elementor-widget-text-editor\" data-id=\"34c6e06\" data-element_type=\"widget\" data-widget_type=\"text-editor.default\">\n\t\t\t\t<div class=\"elementor-widget-container\">\n\t\t\t\t\t\t\t\t\t<p>\u00ab\u00a0Je con\u00e7ois des int\u00e9rieurs \u00e9l\u00e9gants, durables et justes, en associant conception, am\u00e9nagement et d\u00e9coration pour cr\u00e9er des espaces harmonieux, adapt\u00e9s \u00e0 votre mode de vie. Chaque projet repose sur une lecture attentive des volumes, de la lumi\u00e8re et des usages, afin de vous accompagner vers des choix coh\u00e9rents, durables et ma\u00eetris\u00e9s,\u00a0 loin des tendances \u00e9ph\u00e9m\u00e8res et des d\u00e9cisions pr\u00e9cipit\u00e9es.\u00a0\u00bb<\/p><p data-start=\"612\" data-end=\"649\"><a href=\"https:\/\/maisonorame.com\/index.php\/contact\/\">Projets sur rendez-vous uniquement<\/a><\/p>\t\t\t\t\t\t\t\t<\/div>\n\t\t\t\t<\/div>\n\t\t\t\t<\/div>\n\t\t\t\t<\/div>\n\t\t<div class=\"elementor-element elementor-element-c5d6772 e-grid e-con-boxed e-con e-parent\" data-id=\"c5d6772\" data-element_type=\"container\">\n\t\t\t\t\t<div class=\"e-con-inner\">\n\t\t<div class=\"elementor-element elementor-element-71b04d8 e-flex e-con-boxed e-con e-child\" data-id=\"71b04d8\" data-element_type=\"container\">\n\t\t\t\t\t<div class=\"e-con-inner\">\n\t\t\t\t<div class=\"elementor-element elementor-element-8bdec7a elementor-widget elementor-widget-heading\" data-id=\"8bdec7a\" data-element_type=\"widget\" data-widget_type=\"heading.default\">\n\t\t\t\t<div class=\"elementor-widget-container\">\n\t\t\t\t\t<h2 class=\"elementor-heading-title elementor-size-default\">01<\/h2>\t\t\t\t<\/div>\n\t\t\t\t<\/div>\n\t\t\t\t<div class=\"elementor-element elementor-element-0e5b520 elementor-widget elementor-widget-image\" data-id=\"0e5b520\" data-element_type=\"widget\" data-widget_type=\"image.default\">\n\t\t\t\t<div class=\"elementor-widget-container\">\n\t\t\t\t\t\t\t\t\t\t\t\t\t\t\t<img decoding=\"async\" src=\"https:\/\/maisonorame.com\/wp-content\/uploads\/elementor\/thumbs\/Sans-titre-4-3-scaled-ql4mlqgojdmkbdvog2zef0peam4nlf6zvs52v0v9zs.jpg\" title=\"Sans titre &#8211; 4\" alt=\"Sans titre - 4\" loading=\"lazy\" \/>\t\t\t\t\t\t\t\t\t\t\t\t\t\t\t<\/div>\n\t\t\t\t<\/div>\n\t\t\t\t<div class=\"elementor-element elementor-element-f1417b0 elementor-widget elementor-widget-heading\" data-id=\"f1417b0\" data-element_type=\"widget\" data-widget_type=\"heading.default\">\n\t\t\t\t<div class=\"elementor-widget-container\">\n\t\t\t\t\t<h2 class=\"elementor-heading-title elementor-size-default\"><a href=\"https:\/\/maisonorame.com\/index.php\/services\/\">NOS SERVICES<\/a><\/h2>\t\t\t\t<\/div>\n\t\t\t\t<\/div>\n\t\t\t\t\t<\/div>\n\t\t\t\t<\/div>\n\t\t<div class=\"elementor-element elementor-element-9a7b8f3 e-flex e-con-boxed e-con e-child\" data-id=\"9a7b8f3\" data-element_type=\"container\">\n\t\t\t\t\t<div class=\"e-con-inner\">\n\t\t\t\t<div class=\"elementor-element elementor-element-7130715 elementor-widget elementor-widget-heading\" data-id=\"7130715\" data-element_type=\"widget\" data-widget_type=\"heading.default\">\n\t\t\t\t<div class=\"elementor-widget-container\">\n\t\t\t\t\t<h2 class=\"elementor-heading-title elementor-size-default\">02<\/h2>\t\t\t\t<\/div>\n\t\t\t\t<\/div>\n\t\t\t\t<div class=\"elementor-element elementor-element-4fe5896 elementor-widget elementor-widget-image\" data-id=\"4fe5896\" data-element_type=\"widget\" data-widget_type=\"image.default\">\n\t\t\t\t<div class=\"elementor-widget-container\">\n\t\t\t\t\t\t\t\t\t\t\t\t\t\t\t<img decoding=\"async\" src=\"https:\/\/maisonorame.com\/wp-content\/uploads\/elementor\/thumbs\/Sans-titre-4-4-scaled-e1710553394238-ql9w2srtj95dlnwj80wvz8x667z05dcgowxekl7ivs.jpg\" title=\"Sans titre &#8211; 4\" alt=\"Sans titre - 4\" loading=\"lazy\" \/>\t\t\t\t\t\t\t\t\t\t\t\t\t\t\t<\/div>\n\t\t\t\t<\/div>\n\t\t\t\t<div class=\"elementor-element elementor-element-aed7070 elementor-widget elementor-widget-heading\" data-id=\"aed7070\" data-element_type=\"widget\" data-widget_type=\"heading.default\">\n\t\t\t\t<div class=\"elementor-widget-container\">\n\t\t\t\t\t<h2 class=\"elementor-heading-title elementor-size-default\"><a href=\"https:\/\/maisonorame.com\/index.php\/portfolio\/\">NOS R\u00c9ALISATIONS<\/a><\/h2>\t\t\t\t<\/div>\n\t\t\t\t<\/div>\n\t\t\t\t\t<\/div>\n\t\t\t\t<\/div>\n\t\t<div class=\"elementor-element elementor-element-76dd207 e-flex e-con-boxed e-con e-child\" data-id=\"76dd207\" data-element_type=\"container\">\n\t\t\t\t\t<div class=\"e-con-inner\">\n\t\t\t\t<div class=\"elementor-element elementor-element-7a03259 elementor-widget elementor-widget-heading\" data-id=\"7a03259\" data-element_type=\"widget\" data-widget_type=\"heading.default\">\n\t\t\t\t<div class=\"elementor-widget-container\">\n\t\t\t\t\t<h2 class=\"elementor-heading-title elementor-size-default\">03<\/h2>\t\t\t\t<\/div>\n\t\t\t\t<\/div>\n\t\t\t\t<div class=\"elementor-element elementor-element-9c132ee elementor-widget elementor-widget-image\" data-id=\"9c132ee\" data-element_type=\"widget\" data-widget_type=\"image.default\">\n\t\t\t\t<div class=\"elementor-widget-container\">\n\t\t\t\t\t\t\t\t\t\t\t\t\t\t\t<img decoding=\"async\" src=\"https:\/\/maisonorame.com\/wp-content\/uploads\/elementor\/thumbs\/Sans-titre-4-5-scaled-ql4n1z4ambuwwuafm3pchx63sa2yl5o1g5x3d4sehk.jpg\" title=\"Sans titre &#8211; 4\" alt=\"Sans titre - 4\" loading=\"lazy\" \/>\t\t\t\t\t\t\t\t\t\t\t\t\t\t\t<\/div>\n\t\t\t\t<\/div>\n\t\t\t\t<div class=\"elementor-element elementor-element-083df69 elementor-widget elementor-widget-heading\" data-id=\"083df69\" data-element_type=\"widget\" data-widget_type=\"heading.default\">\n\t\t\t\t<div class=\"elementor-widget-container\">\n\t\t\t\t\t<h2 class=\"elementor-heading-title elementor-size-default\"><a href=\"https:\/\/maisonorame.com\/index.php\/contact\/\">CONTACTEZ-NOUS<\/a><\/h2>\t\t\t\t<\/div>\n\t\t\t\t<\/div>\n\t\t\t\t\t<\/div>\n\t\t\t\t<\/div>\n\t\t\t\t\t<\/div>\n\t\t\t\t<\/div>\n\t\t<div class=\"elementor-element elementor-element-9081543 e-grid e-con-full e-con e-parent\" data-id=\"9081543\" data-element_type=\"container\">\n\t\t\t\t<div class=\"elementor-element elementor-element-4bb0e29 elementor-widget__width-inherit elementor-widget elementor-widget-image\" data-id=\"4bb0e29\" data-element_type=\"widget\" data-widget_type=\"image.default\">\n\t\t\t\t<div class=\"elementor-widget-container\">\n\t\t\t\t\t\t\t\t\t\t\t\t\t\t\t<img fetchpriority=\"high\" decoding=\"async\" width=\"183\" height=\"275\" src=\"https:\/\/maisonorame.com\/wp-content\/uploads\/2025\/08\/telechargement.jpg\" class=\"attachment-full size-full wp-image-2380\" alt=\"\" \/>\t\t\t\t\t\t\t\t\t\t\t\t\t\t\t<\/div>\n\t\t\t\t<\/div>\n\t\t<div class=\"elementor-element elementor-element-9d22223 e-flex e-con-boxed e-con e-child\" data-id=\"9d22223\" data-element_type=\"container\">\n\t\t\t\t\t<div class=\"e-con-inner\">\n\t\t\t\t<div class=\"elementor-element elementor-element-3268776 elementor-widget elementor-widget-heading\" data-id=\"3268776\" data-element_type=\"widget\" data-widget_type=\"heading.default\">\n\t\t\t\t<div class=\"elementor-widget-container\">\n\t\t\t\t\t<h2 class=\"elementor-heading-title elementor-size-default\">MAISON D'ARCHITECTURE &amp; DESIGN D'INT\u00c9RIEUR<\/h2>\t\t\t\t<\/div>\n\t\t\t\t<\/div>\n\t\t\t\t<div class=\"elementor-element elementor-element-d6d9337 elementor-widget elementor-widget-heading\" data-id=\"d6d9337\" data-element_type=\"widget\" data-widget_type=\"heading.default\">\n\t\t\t\t<div class=\"elementor-widget-container\">\n\t\t\t\t\t<h2 class=\"elementor-heading-title elementor-size-default\">QUI EST FATMA<\/h2>\t\t\t\t<\/div>\n\t\t\t\t<\/div>\n\t\t\t\t<div class=\"elementor-element elementor-element-4bdd2de elementor-widget elementor-widget-text-editor\" data-id=\"4bdd2de\" data-element_type=\"widget\" data-widget_type=\"text-editor.default\">\n\t\t\t\t<div class=\"elementor-widget-container\">\n\t\t\t\t\t\t\t\t\t<p data-start=\"617\" data-end=\"736\">Architecte d\u2019int\u00e9rieur et fondatrice de Maison Orame, je con\u00e7ois des espaces pens\u00e9s pour durer, fonctionner et apaiser.<\/p><p data-start=\"738\" data-end=\"955\">Mon travail ne consiste pas \u00e0 \u201cd\u00e9corer\u201d, mais \u00e0 <strong data-start=\"786\" data-end=\"820\">organiser la vie dans l\u2019espace<\/strong>.<br data-start=\"821\" data-end=\"824\" \/>Chaque projet d\u00e9bute par l\u2019analyse des volumes, des usages, des contraintes r\u00e9elles et des attentes profondes de ceux qui y vivent.<\/p><h5>UNE APPROCHE \u00c0 LA FOIS RIGOUREUSE ET SENSIBLE<\/h5><p data-start=\"1012\" data-end=\"1070\">Je crois \u00e0 l\u2019\u00e9quilibre entre esth\u00e9tique et fonctionnalit\u00e9.<\/p><p data-start=\"1072\" data-end=\"1145\">La beaut\u00e9 sans r\u00e9flexion est fragile.<br data-start=\"1109\" data-end=\"1112\" \/>La technique sans \u00e2me est froide.<\/p><p data-start=\"1147\" data-end=\"1247\">Je travaille pr\u00e9cis\u00e9ment dans cet entre-deux : concevoir des lieux beaux, intelligents et coh\u00e9rents.<\/p><h5>UN PARCOURS QUI FAIT LA DIFF\u00c9RENCE<\/h5><p data-start=\"1293\" data-end=\"1419\">Avant de me consacrer \u00e0 l\u2019architecture d\u2019int\u00e9rieur, j\u2019ai \u00e9volu\u00e9 plusieurs ann\u00e9es dans un univers structur\u00e9, exigeant et norm\u00e9.<\/p><p data-start=\"1421\" data-end=\"1487\">Ce parcours m\u2019a appris la rigueur, l\u2019anticipation et la pr\u00e9cision.<\/p><p data-start=\"1489\" data-end=\"1554\">Aujourd\u2019hui, je mets cette exigence au service de projets de vie.<\/p>\t\t\t\t\t\t\t\t<\/div>\n\t\t\t\t<\/div>\n\t\t\t\t<div class=\"elementor-element elementor-element-cb37f5f elementor-widget elementor-widget-htmega-toggle-addons\" data-id=\"cb37f5f\" data-element_type=\"widget\" data-widget_type=\"htmega-toggle-addons.default\">\n\t\t\t\t<div class=\"elementor-widget-container\">\n\t\t\t\t\t            <div class=\"htmega-toggle-area\">\n                \n                <div class=\"htmega-toggle-content-cb37f5f\" style=\"display: none;\">\n                    <div class=\"htmega_custom_content\"><h5 data-start=\"1561\" data-end=\"1576\">Je travaille selon une m\u00e9thode structur\u00e9e et progressive.<br data-start=\"432\" data-end=\"435\" \/>Chaque \u00e9tape existe pour \u00e9viter l\u2019improvisation, les erreurs co\u00fbteuses et les d\u00e9cisions floues.<\/h5><p data-start=\"1578\" data-end=\"1676\">Maison Orame est n\u00e9e de la volont\u00e9 de cr\u00e9er des int\u00e9rieurs sur-mesure, hors des tendances faciles.<\/p><p data-start=\"1678\" data-end=\"1788\">Un lieu ne se con\u00e7oit pas pour suivre la mode,<br data-start=\"1724\" data-end=\"1727\" \/>mais pour accompagner ceux qui l\u2019habitent pendant des ann\u00e9es.<\/p><h5 data-start=\"1795\" data-end=\"1819\">MA RELATION AU CLIENT<\/h5><p data-start=\"1821\" data-end=\"1912\">Je m\u2019implique fortement dans chaque projet, mais je conserve toujours une structure claire.<\/p><p data-start=\"1914\" data-end=\"1948\">Ma relation au client repose sur :<\/p><ul data-start=\"1949\" data-end=\"2041\"><li data-start=\"1949\" data-end=\"1968\"><p data-start=\"1951\" data-end=\"1968\">la transparence<\/p><\/li><li data-start=\"1969\" data-end=\"1985\"><p data-start=\"1971\" data-end=\"1985\">la confiance<\/p><\/li><li data-start=\"1986\" data-end=\"2009\"><p data-start=\"1988\" data-end=\"2009\">le respect du cadre<\/p><\/li><li data-start=\"2010\" data-end=\"2041\"><p data-start=\"2012\" data-end=\"2041\">la prise de d\u00e9cision \u00e9clair\u00e9e<\/p><\/li><\/ul><h5 data-start=\"2048\" data-end=\"2086\">CE QUE JE VOUS APPORTE CONCR\u00c8TEMENT<\/h5><ul data-start=\"2088\" data-end=\"2228\"><li data-start=\"2088\" data-end=\"2127\"><p data-start=\"2090\" data-end=\"2127\">une lecture pr\u00e9cise de votre espace<\/p><\/li><li data-start=\"2128\" data-end=\"2152\"><p data-start=\"2130\" data-end=\"2152\">des choix argument\u00e9s<\/p><\/li><li data-start=\"2153\" data-end=\"2175\"><p data-start=\"2155\" data-end=\"2175\">une vision globale<\/p><\/li><li data-start=\"2176\" data-end=\"2201\"><p data-start=\"2178\" data-end=\"2201\">des d\u00e9cisions claires<\/p><\/li><li data-start=\"2202\" data-end=\"2228\"><p data-start=\"2204\" data-end=\"2228\">une coh\u00e9rence d\u2019ensemble<\/p><\/li><\/ul><h5 data-start=\"2235\" data-end=\"2260\">UNE CONCEPTION DURABLE<\/h5><p data-start=\"2262\" data-end=\"2305\">Je ne cherche pas l\u2019effet \u201cwaouh\u201d \u00e9ph\u00e9m\u00e8re.<\/p><p data-start=\"2307\" data-end=\"2371\">Je con\u00e7ois des int\u00e9rieurs dans lesquels on aime vivre longtemps.<\/p><p data-start=\"2373\" data-end=\"2401\">Simples, \u00e9quilibr\u00e9s, ancr\u00e9s.<\/p><\/div>                <\/div>\n\n                <div class=\"htmega-toggle-button\">\n                    <a href=\"#\" class=\"togglebutton-cb37f5f normal_btn\">LIRE LA SUITE<\/a><a href=\"#\" class=\"togglebutton-cb37f5f opened_btn\">Close<\/a>                <\/div>\n\n            <\/div>\n\n            <script>\n                jQuery(document).ready(function($) {\n                    'use strict';\n                    $(\".togglebutton-cb37f5f\").on('click', function(){\n                        $(\".htmega-toggle-content-cb37f5f\").slideToggle('slow');\n                        $(this).removeAttr(\"href\");\n                        $(this).parent().toggleClass(\"open\");\n                    });\n                });\n            <\/script>\n        \t\t\t\t<\/div>\n\t\t\t\t<\/div>\n\t\t\t\t<div class=\"elementor-element elementor-element-f72bb8b elementor-widget elementor-widget-read-more\" data-id=\"f72bb8b\" data-element_type=\"widget\" data-widget_type=\"read-more.default\">\n\t\t\t\t<div class=\"elementor-widget-container\">\n\t\t\t\t\t<\/div><\/div><\/div><\/div><\/div><\/div> &hellip;<p class=\"ast-the-content-more-link\"> <a class=\"\" href=\"https:\/\/maisonorame.com\/\"> <span class=\"screen-reader-text\">HOME<\/span>Lire la suite\u00a0\u00bb<\/a><\/p>","protected":false},"excerpt":{"rendered":"<p>MAISON D&rsquo;ARCHITECTURE &amp; DESIGN D&rsquo;INT\u00c9RIEUR \u00ab\u00a0Je con\u00e7ois des int\u00e9rieurs \u00e9l\u00e9gants, durables et justes, en associant conception, am\u00e9nagement et d\u00e9coration pour [&hellip;]<\/p>\n","protected":false},"author":1,"featured_media":0,"parent":0,"menu_order":0,"comment_status":"closed","ping_status":"closed","template":"","meta":{"site-sidebar-layout":"no-sidebar","site-content-layout":"","ast-site-content-layout":"full-width-container","site-content-style":"default","site-sidebar-style":"default","ast-global-header-display":"","ast-banner-title-visibility":"","ast-main-header-display":"","ast-hfb-above-header-display":"","ast-hfb-below-header-display":"","ast-hfb-mobile-header-display":"","site-post-title":"disabled","ast-breadcrumbs-content":"","ast-featured-img":"disabled","footer-sml-layout":"","theme-transparent-header-meta":"","adv-header-id-meta":"","stick-header-meta":"","header-above-stick-meta":"","header-main-stick-meta":"","header-below-stick-meta":"","astra-migrate-meta-layouts":"default","ast-page-background-enabled":"default","ast-page-background-meta":{"desktop":{"background-color":"var(--ast-global-color-4)","background-image":"","background-repeat":"repeat","background-position":"center center","background-size":"auto","background-attachment":"scroll","background-type":"","background-media":"","overlay-type":"","overlay-color":"","overlay-gradient":""},"tablet":{"background-color":"","background-image":"","background-repeat":"repeat","background-position":"center center","background-size":"auto","background-attachment":"scroll","background-type":"","background-media":"","overlay-type":"","overlay-color":"","overlay-gradient":""},"mobile":{"background-color":"","background-image":"","background-repeat":"repeat","background-position":"center center","background-size":"auto","background-attachment":"scroll","background-type":"","background-media":"","overlay-type":"","overlay-color":"","overlay-gradient":""}},"ast-content-background-meta":{"desktop":{"background-color":"var(--ast-global-color-5)","background-image":"","background-repeat":"repeat","background-position":"center center","background-size":"auto","background-attachment":"scroll","background-type":"","background-media":"","overlay-type":"","overlay-color":"","overlay-gradient":""},"tablet":{"background-color":"var(--ast-global-color-5)","background-image":"","background-repeat":"repeat","background-position":"center center","background-size":"auto","background-attachment":"scroll","background-type":"","background-media":"","overlay-type":"","overlay-color":"","overlay-gradient":""},"mobile":{"background-color":"var(--ast-global-color-5)","background-image":"","background-repeat":"repeat","background-position":"center center","background-size":"auto","background-attachment":"scroll","background-type":"","background-media":"","overlay-type":"","overlay-color":"","overlay-gradient":""}},"footnotes":""},"class_list":["post-12","page","type-page","status-publish","hentry"],"_links":{"self":[{"href":"https:\/\/maisonorame.com\/index.php\/wp-json\/wp\/v2\/pages\/12","targetHints":{"allow":["GET"]}}],"collection":[{"href":"https:\/\/maisonorame.com\/index.php\/wp-json\/wp\/v2\/pages"}],"about":[{"href":"https:\/\/maisonorame.com\/index.php\/wp-json\/wp\/v2\/types\/page"}],"author":[{"embeddable":true,"href":"https:\/\/maisonorame.com\/index.php\/wp-json\/wp\/v2\/users\/1"}],"replies":[{"embeddable":true,"href":"https:\/\/maisonorame.com\/index.php\/wp-json\/wp\/v2\/comments?post=12"}],"version-history":[{"count":1264,"href":"https:\/\/maisonorame.com\/index.php\/wp-json\/wp\/v2\/pages\/12\/revisions"}],"predecessor-version":[{"id":2582,"href":"https:\/\/maisonorame.com\/index.php\/wp-json\/wp\/v2\/pages\/12\/revisions\/2582"}],"wp:attachment":[{"href":"https:\/\/maisonorame.com\/index.php\/wp-json\/wp\/v2\/media?parent=12"}],"curies":[{"name":"wp","href":"https:\/\/api.w.org\/{rel}","templated":true}]}}